- 3*l + 135. Determine z(37).
24
Let g(j) = -12*j + 512. Give g(41).
20
Let o(r) = 2*r**3 - 9*r**2 + 18*r - 37. Calculate o(6).
179
Let q(d) = d**3 - 6*d**2 + 42*d - 38. Calculate q(1).
-1
Let l(z) = z**2 - 65*z - 934. Determine l(-12).
-10
Let b(a) = 10*a**3 + 204*a**2 - 127*a - 15. What is b(-21)?
6
Let i(o) = 3*o**3 + 418*o**2 + 306*o + 23217. Give i(-139).
4
Let l(t) = 267*t + 503. Determine l(-2).
-31
Let b(n) = 197*n - 2362. Give b(12).
2
Let w(p) = -111*p + 161. Calculate w(3).
-172
Let x(q) = -18*q - 1095. Determine x(-61).
3
Let c(h) = -12*h**2 + 913*h - 112. Calculate c(76).
-36
Let t(c) = -c**2 + 767*c + 29742. What is t(-37)?
-6
Let i(v) = -v**3 + 49*v**2 - 147*v + 450. Determine i(46).
36
Let b(v) = 3*v**3 + 52*v**2 - 36*v + 39. Give b(-18).
39
Let r(m) = 7*m**2 + 99*m - 202. Determine r(-18).
284
Let b(p) = 808*p - 2434. What is b(3)?
-10
Let m(f) = f**2 + 9*f + 71. Give m(-22).
357
Let s(u) = 200*u - 27. Calculate s(-1).
-227
Let o(h) = -2*h**3 + 10*h**2 - 15*h - 4. Give o(6).
-166
Let t(n) = -n**3 + 112*n**2 - 109*n + 171. What is t(111)?
393
Let z(y) = y**3 - 16*y**2 - 779*y - 46. What is z(-21)?
-4
Let s(m) = -11*m**2 - 85*m - 19. Calculate s(-6).
95
Let w(c) = 8*c**3 + 28*c**2 + 14*c + 3. Determine w(-3).
-3
Let g(j) = -3*j**2 - 17*j + 53. What is g(9)?
-343
Let k(x) = -604*x**2 + 7851*x + 23. Determine k(13).
10
Let u(y) = y**2 + 10*y - 2. Calculate u(-12).
22
Let l(x) = -4*x**2 + 223*x + 283. Determine l(57).
-2
Let q(o) = o**3 + 22*o**2 - 75*o + 50. What is q(-25)?
50
Let a(k) = k**3 + 3*k**2 - 30*k + 2. Give a(4).
-6
Let m(g) = -g**3 + 3*g**2 + 89*g - 42. Give m(-8).
-50
Let r(v) = -27*v + 64. Give r(3).
-17
Let x(i) = -3*i**2 - 11*i - 21. Determine x(5).
-151
Let r(n) = 3*n**3 + 95*n**2 - 32*n + 40. Calculate r(-32).
40
Let k(c) = 4*c**2 + 48*c + 9. Calculate k(-12).
9
Let r(o) = o**2 - 118*o + 797. Calculate r(7).
20
Let k(y) = -y**3 - 6*y**2 + 36*y + 84. What is k(-8)?
-76
Let h(v) = -v**2 + 3*v + 9. What is h(3)?
9
Let w(u) = 205*u**2 - 8*u - 9. Determine w(-1).
204
Let q(l) = -l**2 - 22*l - 98. Calculate q(-19).
-41
Let y(o) = -2*o**2 + 24*o + 484. Give y(-11).
-22
Let c(x) = -x**3 - 16*x**2 + 35*x - 33. Calculate c(-18).
-15
Let z(w) = 1318*w + 6609. Calculate z(-5).
19
Let k(p) = -17*p**2 + 190*p + 676. Calculate k(14).
4
Let b(r) = -3*r - 187. Calculate b(-43).
-58
Let r(a) = -3730*a - 85778. Determine r(-23).
12
Let p(u) = u**3 + 3*u**2 - 78*u + 68. Give p(-11).
-42
Let t(b) = -b**3 + 13*b**2 - 8*b - 93. Calculate t(10).
127
Let w(p) = -2208*p + 8823. Give w(4).
-9
Let l(d) = -d**3 - 2*d**2 - 2*d + 19. Give l(2).
-1
Let p(z) = z**3 + 5*z**2 - 6*z - 102. Give p(0).
-102
Let b(k) = -2*k**3 + 40*k**2 + 40*k + 51. What is b(21)?
9
Let z(f) = 18*f**2 + 5*f - 6. What is z(2)?
76
Let m(a) = 35*a**2 + 1388*a - 471. Determine m(-40).
9
Let q(t) = 34*t - 196. Calculate q(10).
144
Let c(u) = -132*u - 1300. Calculate c(-10).
20
Let o(x) = 12*x**3 + 24*x + 49. Calculate o(-2).
-95
Let s(y) = -y**3 - 47*y**2 - 807*y - 41046. Determine s(-48).
-6
Let i(k) = -35*k + 731. What is i(21)?
-4
Let p(d) = d**2 - 54*d - 958. Give p(68).
-6
Let a(n) = n**2 + 10*n + 24. Determine a(4).
80
Let j(l) = 33*l + 267. Give j(-8).
3
Let l(r) = 2*r**3 + 160*r**2 + 463*r + 6. Calculate l(-3).
3
Let n(c) = -3*c**3 + 2*c + 6. Determine n(3).
-69
Let g(l) = 2*l**3 - 47*l**2 + 127*l + 78. What is g(20)?
-182
Let z(w) = 1093*w**2 - 1115*w - 2. Calculate z(1).
-24
Let o(z) = 17*z + 89. Give o(-6).
-13
Let b(x) = 32*x - 745. Calculate b(12).
-361
Let c(w) = 151*w - 824. Calculate c(5).
-69
Let v(n) = -17*n + 149. Calculate v(2).
115
Let l(c) = -23*c - 424. What is l(-8)?
-240
Let c(z) = 12*z - 269. What is c(22)?
-5
Let u(v) = 2*v**2 + 5352*v + 32044. Calculate u(-6).
4
Let n(g) = 34*g**2 + 404*g + 26. Determine n(-12).
74
Let s(f) = -547*f + 4366. Determine s(8).
-10
Let p(m) = m**3 - 70*m**2 - 215*m - 291. Calculate p(73).
1
Let p(k) = -k**3 + 21*k**2 + 71*k + 19. Determine p(24).
-5
Let p(s) = 3*s**3 + 10*s**2 + 5*s + 10. Calculate p(-5).
-140
Let w(m) = m**3 - 6*m**2 + 13*m - 34. What is w(5)?
6
Let o(f) = 4*f**2 - 237*f + 1269. What is o(6)?
-9
Let u(v) = v**3 - 14*v**2 + 28*v + 7. Determine u(10).
-113
Let v(k) = -822*k + 12310. Calculate v(15).
-20
Let f(l) = l**3 + l**2 - 60*l + 22. Calculate f(7).
-6
Let g(p) = p**3 + 31*p**2 - 67*p - 21. Give g(-33).
12
Let j(r) = r**3 - 12*r**2 + 8*r + 33. Give j(8).
-159
Let s(n) = -60*n - 58. What is s(-1)?
2
Let p(g) = g**2 - 11*g + 35. What is p(7)?
7
Let j(n) = -8*n**2 - 871*n + 7. Give j(-109).
-102
Let k(n) = -n**2 + 70*n - 795. Determine k(18).
141
Let w(m) = -8*m**2 + 8*m - 36. What is w(3)?
-84
Let j(n) = 2030*n - 12341. What is j(6)?
-161
Let c(q) = 16*q**2 - 135*q + 136. Give c(1).
17
Let f(m) = -10*m**2 - 102*m + 257. What is f(2)?
13
Let a(i) = i**2 + 34*i + 370. What is a(-14)?
90
Let c(r) = -r**2 - 6*r + 7. Give c(-4).
15
Let w(v) = 2*v**3 + 50*v**2 + 47*v - 42. Calculate w(-24).
-18
Let g(u) = u**3 + 98*u**2 + 462*u - 276. Determine g(-93).
3
Let u(t) = -t**3 + 12*t**2 - 9*t + 62. Determine u(10).
172
Let r(s) = -440*s + 7422. Give r(17).
-58
Let b(i) = -38*i - 3513. Give b(-100).
287
Let h(r) = -103*r - 5674. Determine h(-54).
-112
Let g(s) = 20*s + 356. Calculate g(0).
356
Let f(o) = -o**3 + 47*o**2 + 142*o + 571. What is f(50)?
171
Let a(b) = b**2 - 24*b + 80. What is a(12)?
-64
Let t(o) = 353*o - 49. Calculate t(-1).
-402
Let j(q) = -15*q + 68. Give j(4).
8
Let r(m) = -600*m**2 + m - 2. What is r(1)?
-601
Let l(s) = -s**3 - 6*s**2 - 9*s + 4. What is l(-5)?
24
Let w(j) = j**3 + 71*j**2 - 334*j + 343. What is w(3)?
7
Let x(z) = -10*z**2 + 4*z - 870. Calculate x(0).
-870
Let u(a) = -a**3 - 37*a**2 + 41*a + 84. Calculate u(-38).
-30
Let m(x) = 3*x**2 + 322*x + 2417. Calculate m(-8).
33
Let m(s) = -s**3 - 6*s**2 + 15*s + 5. What is m(-8)?
13
Let h(c) = -c**2 - 42*c - 423. Determine h(-27).
-18
Let u(d) = -d**3 + d**2 - 6*d + 41. Determine u(0).
41
Let l(o) = 7005*o + 7041. Determine l(-1).
36
Let r(x) = -15*x**2 - 119*x + 8. Calculate r(-8).
0
Let o(q) = -2*q**2 - 34*q + 888. Give o(17).
-268
Let z(x) = -2*x**3 + 25*x**2 + 3*x + 133. Calculate z(13).
3
Let r(z) = z**2 + 58*z - 401. Give r(-64).
-17
Let j(k) = 512*k + 106496. Give j(-208).
0
Let r(f) = 6*f**2 - 3*f + 18. Give r(-9).
531
Let n(a) = -a**2 - 153*a - 1679. What is n(-12)?
13
Let s(p) = -p**3 + 2*p**2 - 21*p + 37. What is s(4)?
-79
Let l(c) = c**2 + 28*c + 33. Calculate l(-32).
161
Let v(q) = 560*q - 81758. Give v(146).
2
Let y(a) = 2*a**3 - 71*a**2 - 45*a + 344. Calculate y(36).
20
Let s(q) = 2*q**2 + 2*q - 163. Give s(9).
17
Let c(p) = p**2 + 15*p + 34. Give c(-10).
-16
Let g(r) = 12*r**2 + 358*r + 296. What is g(-29)?
6
Let y(l) = 148*l - 1012. Calculate y(7).
24
Let k(f) = -2*f**2 - 78*f + 237. Determine k(3).
-15
Let o(x) = -x**3 - 15*x**2 - 26*x - 9. Give o(-14).
159
Let b(g) = 1253*g - 8741. What is b(7)?
30
Let f(a) = 5*a**2 + 33*a + 354. What is f(-12)?
678
Let o(t) = 46*t**2 + 30*t + 31. Give o(-1).
47
Let o(c) = -2*c**3 + 22*c**2 - 18*c + 5. What is o(11)?
-193
Let v(o) = 64*o - 39. Determine v(15).
921
Let w(x) = 3*x**3 - 5*x**2 - 72*x + 175. What is w(4)?
-1
Let x(g) = 2*g**3 - 211*g**2 + 113*g - 840. Calculate x(105).
0
Let k(z) = 5*z**2 + 16*z + 21. Determine k(-5).
66
Let k(o) = 3*o**2 - 8*o - 31. Calculate k(-5).
84
Let q(m) = 23*m**2 - 17*m - 84. Calculate q(-5).
576
Let n(h) = 3*h**2 - 71*h + 175. Give n(21).
7
Let i(l) = l**3 + 17*l**2 + 52*l + 347. Determine i(-15).
17
Let g(v) = v**2 - 10*v + 39. Give g(4).
15
Let y(c) = c**2 - 9*c - 763. Determine y(-21).
-133
Let m(h) = -h**3 - 43*h**2 + 44*h + 1. What is m(-44)?
1
Let a(p) = 135*p**2 + 4453*p - 64. What is a(-33)?
2
Let s(d) = 14*d - 991. Calculate s(75).
59
Let o(v) = -3*v**2 - 53*v + 2515. What is o(-39)?
19
Let s(y) = -2*y**2 + 55*y + 14. Calculate s(28).
-14
Let g(h) = -h**2 + 7*h - 9. Give g(4).
3
Let u(o) = o**3 + 4*o**2 - 15*o + 28. Determine u(-8).
-108
Let n(a) = 5*a**2 + 6*a + 32. Give n(-8).
304
Let v(u) = 2*u**3 + 21*u**2 + 19*u - 17. Calculate v(-9).
55
Let o(a) = -3*a**2 - 59*a + 11. Calculate o(-20).
-9
Let s(n) = n**3 + 64*n**2 - 125*n + 392. Give s(-66).
-70
Let g(o) = -27*o - 849. Calculate g(-28).
-93
Let j(z) = z**3 + 53*z**2 - 229*z